{"id":2074,"date":"2015-03-04T11:50:34","date_gmt":"2015-03-04T11:50:34","guid":{"rendered":"http:\/\/www.ciascom.com\/wp-content\/uploads\/2015\/03\/Audiencia-de-Justicia-de-Valladolid.jpg"},"modified":"2015-03-04T11:50:34","modified_gmt":"2015-03-04T11:50:34","slug":"audiencia-de-justicia-de-valladolid-3","status":"inherit","type":"attachment","link":"https:\/\/www.ciascom.com\/ca\/ministerio-de-justicia-avanza-en-la-implantacion-del-proyecto-gestion-eficiencia-energetica\/audiencia-de-justicia-de-valladolid-3\/","title":{"rendered":"Audiencia de Justicia de Valladolid"},"author":2,"featured_media":0,"comment_status":"closed","ping_status":"open","template":"","meta":[],"class_list":["post-2074","attachment","type-attachment","status-inherit","hentry","description-off"],"yoast_head":"<!-- This site is optimized with the Yoast SEO plugin v27.3 - https:\/\/yoast.com\/product\/yoast-seo-wordpress\/ -->\n<title>Audiencia de Justicia de Valladolid - Ciascom<\/title>\n<meta name=\"robots\" content=\"index, follow, max-snippet:-1, max-image-preview:large, max-video-preview:-1\" \/>\n<link rel=\"canonical\" href=\"https:\/\/www.ciascom.com\/ca\/ministerio-de-justicia-avanza-en-la-implantacion-del-proyecto-gestion-eficiencia-energetica\/audiencia-de-justicia-de-valladolid-3\/\" \/>\n<meta property=\"og:locale\" content=\"ca_ES\" \/>\n<meta property=\"og:type\" content=\"article\" \/>\n<meta property=\"og:title\" content=\"Audiencia de Justicia de Valladolid - Ciascom\" \/>\n<meta property=\"og:url\" content=\"https:\/\/www.ciascom.com\/ca\/ministerio-de-justicia-avanza-en-la-implantacion-del-proyecto-gestion-eficiencia-energetica\/audiencia-de-justicia-de-valladolid-3\/\" \/>\n<meta property=\"og:site_name\" content=\"Ciascom\" \/>\n<meta property=\"og:image\" content=\"https:\/\/www.ciascom.com\/wp-content\/uploads\/2015\/03\/Audiencia-de-Justicia-de-Valladolid.jpg\" \/>\n\t<meta property=\"og:image:width\" content=\"2048\" \/>\n\t<meta property=\"og:image:height\" content=\"1536\" \/>\n\t<meta property=\"og:image:type\" content=\"image\/jpeg\" \/>\n<script type=\"application\/ld+json\" class=\"yoast-schema-graph\">{\"@context\":\"https:\\\/\\\/schema.org\",\"@graph\":[{\"@type\":\"WebPage\",\"@id\":\"https:\\\/\\\/www.ciascom.com\\\/ca\\\/ministerio-de-justicia-avanza-en-la-implantacion-del-proyecto-gestion-eficiencia-energetica\\\/audiencia-de-justicia-de-valladolid-3\\\/\",\"url\":\"https:\\\/\\\/www.ciascom.com\\\/ca\\\/ministerio-de-justicia-avanza-en-la-implantacion-del-proyecto-gestion-eficiencia-energetica\\\/audiencia-de-justicia-de-valladolid-3\\\/\",\"name\":\"Audiencia de Justicia de Valladolid - Ciascom\",\"isPartOf\":{\"@id\":\"https:\\\/\\\/www.ciascom.com\\\/ca\\\/#website\"},\"datePublished\":\"2015-03-04T11:50:34+00:00\",\"breadcrumb\":{\"@id\":\"https:\\\/\\\/www.ciascom.com\\\/ca\\\/ministerio-de-justicia-avanza-en-la-implantacion-del-proyecto-gestion-eficiencia-energetica\\\/audiencia-de-justicia-de-valladolid-3\\\/#breadcrumb\"},\"inLanguage\":\"ca\",\"potentialAction\":[{\"@type\":\"ReadAction\",\"target\":[\"https:\\\/\\\/www.ciascom.com\\\/ca\\\/ministerio-de-justicia-avanza-en-la-implantacion-del-proyecto-gestion-eficiencia-energetica\\\/audiencia-de-justicia-de-valladolid-3\\\/\"]}]},{\"@type\":\"BreadcrumbList\",\"@id\":\"https:\\\/\\\/www.ciascom.com\\\/ca\\\/ministerio-de-justicia-avanza-en-la-implantacion-del-proyecto-gestion-eficiencia-energetica\\\/audiencia-de-justicia-de-valladolid-3\\\/#breadcrumb\",\"itemListElement\":[{\"@type\":\"ListItem\",\"position\":1,\"name\":\"Inicio\",\"item\":\"https:\\\/\\\/www.ciascom.com\\\/ca\\\/\"},{\"@type\":\"ListItem\",\"position\":2,\"name\":\"El Ministeri de Just\u00edcia avan\u00e7a en la implantaci\u00f3 del projecte de gesti\u00f3 i efici\u00e8ncia energ\u00e8tica a Valladolid.\",\"item\":\"https:\\\/\\\/www.ciascom.com\\\/ca\\\/ministerio-de-justicia-avanza-en-la-implantacion-del-proyecto-gestion-eficiencia-energetica\\\/\"},{\"@type\":\"ListItem\",\"position\":3,\"name\":\"Audiencia de Justicia de Valladolid\"}]},{\"@type\":\"WebSite\",\"@id\":\"https:\\\/\\\/www.ciascom.com\\\/ca\\\/#website\",\"url\":\"https:\\\/\\\/www.ciascom.com\\\/ca\\\/\",\"name\":\"Ciascom\",\"description\":\"CIAS COM consultor\u00eda especializada en la contrataci\u00f3n, control de servicios generales y gesti\u00f3n de la eficiencia energ\u00e9tica en Administraciones P\u00fablicas y organizaciones privadas\",\"potentialAction\":[{\"@type\":\"SearchAction\",\"target\":{\"@type\":\"EntryPoint\",\"urlTemplate\":\"https:\\\/\\\/www.ciascom.com\\\/ca\\\/?s={search_term_string}\"},\"query-input\":{\"@type\":\"PropertyValueSpecification\",\"valueRequired\":true,\"valueName\":\"search_term_string\"}}],\"inLanguage\":\"ca\"}]}<\/script>\n<!-- \/ Yoast SEO plugin. -->","yoast_head_json":{"title":"Audiencia de Justicia de Valladolid - Ciascom","robots":{"index":"index","follow":"follow","max-snippet":"max-snippet:-1","max-image-preview":"max-image-preview:large","max-video-preview":"max-video-preview:-1"},"canonical":"https:\/\/www.ciascom.com\/ca\/ministerio-de-justicia-avanza-en-la-implantacion-del-proyecto-gestion-eficiencia-energetica\/audiencia-de-justicia-de-valladolid-3\/","og_locale":"ca_ES","og_type":"article","og_title":"Audiencia de Justicia de Valladolid - Ciascom","og_url":"https:\/\/www.ciascom.com\/ca\/ministerio-de-justicia-avanza-en-la-implantacion-del-proyecto-gestion-eficiencia-energetica\/audiencia-de-justicia-de-valladolid-3\/","og_site_name":"Ciascom","og_image":[{"width":2048,"height":1536,"url":"https:\/\/www.ciascom.com\/wp-content\/uploads\/2015\/03\/Audiencia-de-Justicia-de-Valladolid.jpg","type":"image\/jpeg"}],"schema":{"@context":"https:\/\/schema.org","@graph":[{"@type":"WebPage","@id":"https:\/\/www.ciascom.com\/ca\/ministerio-de-justicia-avanza-en-la-implantacion-del-proyecto-gestion-eficiencia-energetica\/audiencia-de-justicia-de-valladolid-3\/","url":"https:\/\/www.ciascom.com\/ca\/ministerio-de-justicia-avanza-en-la-implantacion-del-proyecto-gestion-eficiencia-energetica\/audiencia-de-justicia-de-valladolid-3\/","name":"Audiencia de Justicia de Valladolid - Ciascom","isPartOf":{"@id":"https:\/\/www.ciascom.com\/ca\/#website"},"datePublished":"2015-03-04T11:50:34+00:00","breadcrumb":{"@id":"https:\/\/www.ciascom.com\/ca\/ministerio-de-justicia-avanza-en-la-implantacion-del-proyecto-gestion-eficiencia-energetica\/audiencia-de-justicia-de-valladolid-3\/#breadcrumb"},"inLanguage":"ca","potentialAction":[{"@type":"ReadAction","target":["https:\/\/www.ciascom.com\/ca\/ministerio-de-justicia-avanza-en-la-implantacion-del-proyecto-gestion-eficiencia-energetica\/audiencia-de-justicia-de-valladolid-3\/"]}]},{"@type":"BreadcrumbList","@id":"https:\/\/www.ciascom.com\/ca\/ministerio-de-justicia-avanza-en-la-implantacion-del-proyecto-gestion-eficiencia-energetica\/audiencia-de-justicia-de-valladolid-3\/#breadcrumb","itemListElement":[{"@type":"ListItem","position":1,"name":"Inicio","item":"https:\/\/www.ciascom.com\/ca\/"},{"@type":"ListItem","position":2,"name":"El Ministeri de Just\u00edcia avan\u00e7a en la implantaci\u00f3 del projecte de gesti\u00f3 i efici\u00e8ncia energ\u00e8tica a Valladolid.","item":"https:\/\/www.ciascom.com\/ca\/ministerio-de-justicia-avanza-en-la-implantacion-del-proyecto-gestion-eficiencia-energetica\/"},{"@type":"ListItem","position":3,"name":"Audiencia de Justicia de Valladolid"}]},{"@type":"WebSite","@id":"https:\/\/www.ciascom.com\/ca\/#website","url":"https:\/\/www.ciascom.com\/ca\/","name":"Ciascom","description":"CIAS COM consultor\u00eda especializada en la contrataci\u00f3n, control de servicios generales y gesti\u00f3n de la eficiencia energ\u00e9tica en Administraciones P\u00fablicas y organizaciones privadas","potentialAction":[{"@type":"SearchAction","target":{"@type":"EntryPoint","urlTemplate":"https:\/\/www.ciascom.com\/ca\/?s={search_term_string}"},"query-input":{"@type":"PropertyValueSpecification","valueRequired":true,"valueName":"search_term_string"}}],"inLanguage":"ca"}]}},"smush":"No processat","description":{"rendered":"<p class=\"attachment\"><a href='https:\/\/www.ciascom.com\/wp-content\/uploads\/2015\/03\/Audiencia-de-Justicia-de-Valladolid.jpg'><img loading=\"lazy\" decoding=\"async\" width=\"300\" height=\"225\" src=\"https:\/\/www.ciascom.com\/wp-content\/uploads\/2015\/03\/Audiencia-de-Justicia-de-Valladolid-300x225.jpg\" class=\"attachment-medium size-medium\" alt=\"\" srcset=\"https:\/\/www.ciascom.com\/wp-content\/uploads\/2015\/03\/Audiencia-de-Justicia-de-Valladolid-300x225.jpg 300w, https:\/\/www.ciascom.com\/wp-content\/uploads\/2015\/03\/Audiencia-de-Justicia-de-Valladolid-1024x768.jpg 1024w, https:\/\/www.ciascom.com\/wp-content\/uploads\/2015\/03\/Audiencia-de-Justicia-de-Valladolid.jpg 2048w\" sizes=\"auto, (max-width: 300px) 100vw, 300px\" \/><\/a><\/p>\n"},"caption":{"rendered":""},"alt_text":"","media_type":"image","mime_type":"image\/jpeg","media_details":{"width":2048,"height":1536,"file":"2015\/03\/Audiencia-de-Justicia-de-Valladolid.jpg","sizes":{"thumbnail":{"file":"Audiencia-de-Justicia-de-Valladolid-150x150.jpg","width":150,"height":150,"mime_type":"image\/jpeg","source_url":"https:\/\/www.ciascom.com\/wp-content\/uploads\/2015\/03\/Audiencia-de-Justicia-de-Valladolid-150x150.jpg"},"medium":{"file":"Audiencia-de-Justicia-de-Valladolid-300x225.jpg","width":300,"height":225,"mime_type":"image\/jpeg","source_url":"https:\/\/www.ciascom.com\/wp-content\/uploads\/2015\/03\/Audiencia-de-Justicia-de-Valladolid-300x225.jpg"},"large":{"file":"Audiencia-de-Justicia-de-Valladolid-1024x768.jpg","width":1024,"height":768,"mime_type":"image\/jpeg","source_url":"https:\/\/www.ciascom.com\/wp-content\/uploads\/2015\/03\/Audiencia-de-Justicia-de-Valladolid-1024x768.jpg"},"full":{"file":"Audiencia-de-Justicia-de-Valladolid.jpg","width":2048,"height":1536,"mime_type":"image\/jpeg","source_url":"https:\/\/www.ciascom.com\/wp-content\/uploads\/2015\/03\/Audiencia-de-Justicia-de-Valladolid.jpg"}},"image_meta":{"aperture":0,"credit":"","camera":"","caption":"","created_timestamp":0,"copyright":"","focal_length":0,"iso":0,"shutter_speed":0,"title":"","orientation":0}},"post":1172,"source_url":"https:\/\/www.ciascom.com\/wp-content\/uploads\/2015\/03\/Audiencia-de-Justicia-de-Valladolid.jpg","_links":{"self":[{"href":"https:\/\/www.ciascom.com\/ca\/wp-json\/wp\/v2\/media\/2074","targetHints":{"allow":["GET"]}}],"collection":[{"href":"https:\/\/www.ciascom.com\/ca\/wp-json\/wp\/v2\/media"}],"about":[{"href":"https:\/\/www.ciascom.com\/ca\/wp-json\/wp\/v2\/types\/attachment"}],"author":[{"embeddable":true,"href":"https:\/\/www.ciascom.com\/ca\/wp-json\/wp\/v2\/users\/2"}],"replies":[{"embeddable":true,"href":"https:\/\/www.ciascom.com\/ca\/wp-json\/wp\/v2\/comments?post=2074"}],"wp:attached-to":[{"embeddable":true,"post_type":"post","id":1172,"href":"https:\/\/www.ciascom.com\/ca\/wp-json\/wp\/v2\/posts\/1172"}],"curies":[{"name":"wp","href":"https:\/\/api.w.org\/{rel}","templated":true}]}}

<!-- This site is optimized with the Yoast SEO plugin v27.3 - https://yoast.com/product/yoast-seo-wordpress/ -->
<title>Audiencia de Justicia de Valladolid - Ciascom</title>
<meta name="robots" content="index, follow, max-snippet:-1, max-image-preview:large, max-video-preview:-1" />
<link rel="canonical" href="https://www.ciascom.com/ca/ministerio-de-justicia-avanza-en-la-implantacion-del-proyecto-gestion-eficiencia-energetica/audiencia-de-justicia-de-valladolid-3/" />
<meta property="og:locale" content="ca_ES" />
<meta property="og:type" content="article" />
<meta property="og:title" content="Audiencia de Justicia de Valladolid - Ciascom" />
<meta property="og:url" content="https://www.ciascom.com/ca/ministerio-de-justicia-avanza-en-la-implantacion-del-proyecto-gestion-eficiencia-energetica/audiencia-de-justicia-de-valladolid-3/" />
<meta property="og:site_name" content="Ciascom" />
<meta property="og:image" content="https://www.ciascom.com/wp-content/uploads/2015/03/Audiencia-de-Justicia-de-Valladolid.jpg" />
	<meta property="og:image:width" content="2048" />
	<meta property="og:image:height" content="1536" />
	<meta property="og:image:type" content="image/jpeg" />
<script type="application/ld+json" class="yoast-schema-graph">{"@context":"https:\/\/schema.org","@graph":[{"@type":"WebPage","@id":"https:\/\/www.ciascom.com\/ca\/ministerio-de-justicia-avanza-en-la-implantacion-del-proyecto-gestion-eficiencia-energetica\/audiencia-de-justicia-de-valladolid-3\/","url":"https:\/\/www.ciascom.com\/ca\/ministerio-de-justicia-avanza-en-la-implantacion-del-proyecto-gestion-eficiencia-energetica\/audiencia-de-justicia-de-valladolid-3\/","name":"Audiencia de Justicia de Valladolid - Ciascom","isPartOf":{"@id":"https:\/\/www.ciascom.com\/ca\/#website"},"datePublished":"2015-03-04T11:50:34+00:00","breadcrumb":{"@id":"https:\/\/www.ciascom.com\/ca\/ministerio-de-justicia-avanza-en-la-implantacion-del-proyecto-gestion-eficiencia-energetica\/audiencia-de-justicia-de-valladolid-3\/#breadcrumb"},"inLanguage":"ca","potentialAction":[{"@type":"ReadAction","target":["https:\/\/www.ciascom.com\/ca\/ministerio-de-justicia-avanza-en-la-implantacion-del-proyecto-gestion-eficiencia-energetica\/audiencia-de-justicia-de-valladolid-3\/"]}]},{"@type":"BreadcrumbList","@id":"https:\/\/www.ciascom.com\/ca\/ministerio-de-justicia-avanza-en-la-implantacion-del-proyecto-gestion-eficiencia-energetica\/audiencia-de-justicia-de-valladolid-3\/#breadcrumb","itemListElement":[{"@type":"ListItem","position":1,"name":"Inicio","item":"https:\/\/www.ciascom.com\/ca\/"},{"@type":"ListItem","position":2,"name":"El Ministeri de Justícia avança en la implantació del projecte de gestió i eficiència energètica a Valladolid.","item":"https:\/\/www.ciascom.com\/ca\/ministerio-de-justicia-avanza-en-la-implantacion-del-proyecto-gestion-eficiencia-energetica\/"},{"@type":"ListItem","position":3,"name":"Audiencia de Justicia de Valladolid"}]},{"@type":"WebSite","@id":"https:\/\/www.ciascom.com\/ca\/#website","url":"https:\/\/www.ciascom.com\/ca\/","name":"Ciascom","description":"CIAS COM consultoría especializada en la contratación, control de servicios generales y gestión de la eficiencia energética en Administraciones Públicas y organizaciones privadas","potentialAction":[{"@type":"SearchAction","target":{"@type":"EntryPoint","urlTemplate":"https:\/\/www.ciascom.com\/ca\/?s={search_term_string}"},"query-input":{"@type":"PropertyValueSpecification","valueRequired":true,"valueName":"search_term_string"}}],"inLanguage":"ca"}]}</script>
<!-- / Yoast SEO plugin. -->

El Ministeri de Justícia avança en la implantació del projecte de gestió i eficiència energètica a Valladolid.

CIAS COM consultoría especializada en la contratación, control de servicios generales y gestión de la eficiencia energética en Administraciones Públicas y organizaciones privadas
